 (-2 - -1)/(6*(-3)/(-54)). Let d be h(o). Give j(d).
10
Let z = 6 - 9. Let p be z + 3*(-2)/(-2). Let a(r) = r**2 + p + 1 - 8*r + 9*r - 5*r**3. What is a(-1)?
6
Suppose 2*t - o = 3*t, 0 = 2*t - 2*o - 4. Let x be (-2 - -4)/(t/(-1 - 1)). Let c(u) = u**2 + 3*u + 3. Calculate c(x).
7
Suppose -134 + 137 = h. Let s(o) = -o**2 + 3*o + 3. Calculate s(h).
3
Let y be (-40)/(-10) - 1*-2. Let u(b) = -2*b + y*b - 2*b**2 - 3 + 1. What is u(2)?
-2
Let j(w) = 4 + 2 + 2 + 5*w. Let s be j(-2). Let o(r) = 2*r**3 + r**2 + 4*r + 3. Determine o(s).
-17
Suppose 18 = h - 5*u + 1, 4*u + 22 = 5*h. Suppose -4*s + 6 = -3*k, 0*k + k + h = 3*s. Let m(w) = w**3 + w**2 - w + 8. Determine m(s).
8
Let k(h) = 23*h - 47. Let a(b) = -62*b + 140. Let z(g) = 4*a(g) + 11*k(g). Determine z(-9).
-2
Let q = 19 - 19. Let f be (q + 4 + -4)*(-4)/12. Let n(t) = t**3 - t**2 + t + 8. Determine n(f).
8
Let z(b) = 3*b**2 + 4*b - 3. Let y(t) = t**3 + 6*t**2 - 6*t + 10. Let r be y(-7). Let p be z(r). Suppose 4*v = -2*v + p. Let u(i) = -3*i + 6. Calculate u(v).
-12
Suppose 2*s = -x + 2 - 5, 18 = 3*x - 3*s. Let a(c) = -4*c + 5*c**2 + 0 - 2*c**2 - 6 + 8 - c**3. Calculate a(x).
-10
Let h(c) = c**2. Let x(a) = -6*a - 2. Let g(l) = 2*h(l) - x(l). Let y(t) = -4*t**2 - t - 1. Let k be y(-1). What is g(k)?
10
Let q(d) = d**2 - 21*d - 5. Let p(k) = 3*k. Let i(h) = 6*p(h) + q(h). What is i(-4)?
23
Suppose 50 = 11*m - 104. Let g(f) = -f**2 + 18*f - 14. Give g(m).
42
Let v(u) = 2*u**2 - 4*u - 4. Let k(p) = -2*p**2 + 3*p + 3. Let x(y) = 3*k(y) + 2*v(y). Suppose -99*r + 14 = -106*r. Determine x(r).
-9
Let c(w) = -55*w + 2*w**2 + 16 - 58*w + 122*w. What is c(-5)?
21
Let q(i) be the first derivative of -i**4/4 + 5*i**3/3 + 2*i**2 + 5*i - 1. Let b(c) = -c**2 + 19*c + 14. Let m be b(12). Let v = 104 - m. Calculate q(v).
-7
Let x(y) be the first derivative of 1/3*y**3 + 4*y - 4 - 2*y**2. Determine x(6).
16
Let k(r) = r - 1. Let v(p) = -2*p + 30. Let w be v(11). Suppose -o - 2*o = a + 3, 4*o - w = 0. Determine k(a).
-10
Suppose -3*b = 4*b. Suppose 0 = -2*x - 6 - b. Let q(r) = 4*r - 2. Determine q(x).
-14
Let m(h) be the second derivative of -h**5/20 - 7*h**4/12 + 4*h**3/3 - 2*h**2 + 70*h. Let d = -7 + -1. What is m(d)?
-4
Let c(a) be the third derivative of 0 + 1/120*a**6 - 28*a**2 + 1/10*a**5 + 0*a + 1/2*a**3 + 1/4*a**4. Give c(-4).
11
Let x(u) = -u**2 + 2*u - 1. Let q(m) = -m**3 - 3*m**2 + 16. Let s(t) = -q(t) - 6*x(t). Give s(-10).
10
Let l(w) = 7*w**3 + 1. Let y be 22/44*(194 - 0). Let v = 96 - y. Calculate l(v).
-6
Let h(a) = -2*a - 2. Suppose 4*l = -2*l + 486. Suppose 0 = 3*t - l + 63. Determine h(t).
-14
Let n(f) = -7*f + 4*f + 1 + 0. Let s(l) = l + 6. Let a be s(-3). Suppose 0 = a*q - 0 - 3. Determine n(q).
-2
Let y(k) = -5*k - 6. Let d(b) = -26*b - 30. Let c(q) = 3*d(q) - 16*y(q). Let m(a) = -5*a - 12. Suppose 35 = -0*u - 5*u. Let j(o) = u*c(o) - 3*m(o). Give j(0).
-6
Let c(v) = 7*v + 4. Let u(f) = 1. Let s(h) = -c(h) + 3*u(h). Let d be 6/(-21) - 3/(-21)*30. Let l(j) = 5*j - 21. Let r be l(d). Determine s(r).
6
Let i(j) = -5*j**2 + 6*j - 18. Let r(d) = -2*d**2 + d - 2. Let o(c) = -i(c) + 3*r(c). Calculate o(-5).
2
Suppose 9*z = 15*z - 18. Let t(s) = -5*s - 5 - z + 6*s. What is t(8)?
0
Let i(f) = 2*f**3 + 3*f**2 + f - 1. Suppose 5*p + 13 + 13 = a, -5*p = 5*a - 70. Let r be a/7 + 2/(-7). Suppose 3*q = r*z, -4*z = -2*q - 8*z - 16. Give i(q).
-7
Let x = -280 + 285. Let w(y) = -y**2 + 9*y. What is w(x)?
20
Let u(l) = 30 - 2*l**2 + 28 - 2*l + 7*l**3 - 6*l**3 - 57. Give u(3).
4
Let j be 5 + -1 - (-2 - -5). Suppose -j = -4*x + 7. Let c(h) = 2 + 2 - 2 + x*h + 0*h. Determine c(-4).
-6
Let i(h) = -h**3 - 1 + 346*h**2 - 172*h**2 - 178*h**2 - h. Give i(-4).
3
Let r be (2 - 14/5)*(0 + 5). Let l(a) be the first derivative of a - 1 - 1/2*a**2. Calculate l(r).
5
Let u(k) = 3*k - 1. Let n(m) = -16*m + 17. Let i(j) = n(j) + 4*u(j). What is i(3)?
1
Let t be 4 + 1*(-6)/3. Let d(n) = t*n - 3*n - n - 4. Let r(p) = p**3 + p**2 - p - 4. Let x be r(0). Give d(x).
4
Let f(y) = y**2 + 7*y. Let w be f(-7). Suppose w = 6*m - m + 5. Let g(z) = z**2 - 1. Let v(c) = -c**2 - c + 2. Let o(l) = m*v(l) - 3*g(l). Give o(-2).
-9
Suppose -6*w - 6 + 18 = 0. Let r(m) = m**3 - 3*m**2 + 3*m - 2. Give r(w).
0
Let d(h) be the third derivative of h**5/60 - h**4/12 + 5*h**3/6 - 46*h**2. Give d(4).
13
Let k = -5 + 6. Let l(s) be the first derivative of -3*s**5/10 + s**4/12 + s**3/6 - s**2/2 - 3*s - 2. Let x(f) be the first derivative of l(f). What is x(k)?
-5
Let d be (8/14)/((-4)/(-42)). Let m(x) = 20*x**2 + 14*x - 12. Let w(z) = -7*z**2 - 5*z + 4. Let h(q) = d*m(q) + 17*w(q). Give h(0).
-4
Let g(a) be the second derivative of -2*a**3/3 - 9*a**2/2 - 84*a. Give g(-7).
19
Let i(r) = -9*r - 2*r**3 + 5*r**2 + 3 - 13*r + 1 + 21*r. Determine i(4).
-48
Suppose 22 = 3*b + 4*v - 2, 27 = 3*b + 5*v. Let o(a) = 2*a**2 - 4*a + 1. Determine o(b).
17
Let y(q) = 6*q + 3. Let t(s) = s - 1. Let v(w) = -3*t(w) + y(w). Let x = -214 - -208. Let l(b) = 2*b + 5. Let n(g) = x*v(g) + 7*l(g). Give n(-1).
3
Let c(y) = -380*y**3 + 379*y**3 + 6*y**2 + 2 - 10. Suppose -a + 9 = 3. Calculate c(a).
-8
Let l(a) = -a**2 + 1. Let j be l(-1). Suppose 0 = -5*o + 5*t - 55, o + j + 10 = 2*t. Let z = 13 + o. Let n(m) = 11*m**3 - m**2 + m - 1. Calculate n(z).
10
Let w(s) = s. Suppose 2*g = 5*m - 15, -4*m - 3 = -15. Suppose g*o + 5 = o. Suppose 20 = -0*u + o*u. Determine w(u).
4
Let b = -11 - -16. Suppose 0 = 2*j - b - 3. Suppose -3*a + 2*l + 8 = l, -18 = -5*a + j*l. Let k(o) = -3*o**2 + 2*o. What is k(a)?
-8
Let z(y) = 3*y**2 + 2*y - 9*y**2 - 5 - y**3 + 2 - 7*y - 1. Give z(-5).
-4
Let o(p) = p**3 + 4*p**2 - 4*p + 2. Let s(m) = 2*m**3 - 3*m**2 + m - 2. Let j be s(3). Suppose -2*y = -5*y - 5*h, -5*y - j = -h. Calculate o(y).
-3
Suppose -9*x + 7*x = -8. Suppose 3*b = -3*z + 6, -x*b + 5 = z - 6. Let i be ((-15)/b)/(1 + -2). Let v(s) = -s**2 + 6*s - 1. What is v(i)?
4
Let l(q) be the first derivative of 29*q**4/4 - q**2 + q + 111. Determine l(1).
28
Let n = 1923 + -1928. Let s(t) = -t**3 - 5*t**2 + 4*t - 7. Give s(n).
-27
Let r(m) be the second derivative of m**5/60 - m**4/4 + m**3/2 - 17*m**2/2 - 15*m. Let t(x) be the first derivative of r(x). Give t(6).
3
Let o(w) be the second derivative of w**5/20 - 11*w**4/6 - 4*w**3 + 15*w**2 + 445*w. Calculate o(23).
7
Suppose 5*y + 57 - 62 = 0. Let t(k) be the second derivative of k**6/180 - 5*k**4/12 - 2*k. Let c(v) be the third derivative of t(v). Determine c(y).
4
Let g(r) = r - 5. Let h(j) = j - 4. Let f = 34 + -36. Let n(t) = f*g(t) + 3*h(t). Calculate n(4).
2
Suppose 3*s = 8*s - 10. Suppose s*p + 4*h - 18 = 0, p + 2 + 4 = h. Let u(y) = 10*y + 1. Calculate u(p).
-9
Let n(g) = 13*g + 5*g + 8*g - 3 - 27*g. Let z(m) = m**2 - 11*m + 26. Let o be z(5). Determine n(o).
1
Let i(m) = 2*m**3 + m**2 + 2. Let g(t) = -5*t**3 + 5*t**2 - 6*t - 5. Let a(l) = -g(l) - 2*i(l). Give a(6).
1
Suppose -3*d - 2*d = 0. Suppose 0 = 3*h - 4*t - 31, -4*h + 2*t + 19 = -9. Let n(u) = -u**2 + h + 3 + 0*u**2 + u**3. Calculate n(d).
8
Let x(n) = -n**3 + 15*n**2 - 28*n + 20. Let d be x(13). Let u(s) be the first derivative of -7/3*s**3 - 6*s - 1/4*s**4 + 2 - 7/2*s**2. Determine u(d).
0
Suppose -n + p = n - 10, 5*n - p = 25. Suppose 18 - 3 = n*b. Let o(w) = 2*w - 1. Give o(b).
5
Let p be 6*(3 - 1)/4. Suppose -q = p*q + 24. Let u(x) = 3*x**2 - 7 + 3 - 2*x**2 + 5*x. Give u(q).
2
Let s(p) = -p**2 - 12*p - 8. Suppose -2*a = 5*o + 44, -o - 2*a - 18 = 3*a. Give s(o).
24
Let c(i) = 2*i + 0*i - i - 3. Suppose -6*s + 44 = -4. What is c(s)?
5
Suppose 5 = 2*x - 7. Suppose 2*h = -x, 5*h - 4 = -o - 18. Let u(b) = -12*b**2 + 8*b - 7. Let a(k) = 11*k**2 - 7*k + 6. Let i(v) = 7*a(v) + 6*u(v). What is i(o)?
4
Let f = 571 + -579. Let w(u) = u**2 + 7*u - 3. Determine w(f).
5
Let z(w) = w**3 - 9*w**2 + 2. Let v = 2 - -23. Suppose 0 = -0*x - 3*x + n + v, 4*x - 28 = 4*n. What is z(x)?
2
Let g(f) = 2*f - 3 + 3*f - 2*f. Let r = 9 + -7. Suppose -y + 5 = 2*u - r*y, -u + 10 = 2*y. Determine g(u).
9
Suppose s + s = -30. Let o = -16 - s. Let c be o + -3 + (7 - -2). Let k(l) = l**2 - 3*l - 4. Determine k(c).
6
Let x(q) be the first derivative of q**2/2 - 24*q + 100. What is x(0)?
-24
Let i(f) be the first derivative of f**2/2 - 7*f - 29. Let t be i(10). Let n(g) = g**3 - g**2 + 3*g + 2. Determine n(t).
29
Let r(g